. Let h be a(8). Let l(w) = 2*w - 2. Determine l(h).
8
Let v be (-2)/2 - (0/3 + -3). Let t(i) = 2*i - 1. Give t(v).
3
Let z(c) = -8*c**2. Let y be (-2)/9 + (-188)/(-36). Suppose -1 + y = 4*w. Determine z(w).
-8
Let h(g) be the first derivative of -g**2 - 5*g + 4. Determine h(-4).
3
Let p(h) = 3*h - 8. Let a be p(6). Suppose -r + 5*r + a = -t, -2*r - 4 = 0. Let n(w) = -w. What is n(t)?
2
Let d(w) = -w**2 - 8*w - 9. Let l be 1*-13 - (-15)/3. Determine d(l).
-9
Let g(j) = -2 - 13*j**3 + 6 - j**2 - 3. Suppose -f + 3*f = 0. Suppose 0*o - 2*o - 4 = 2*x, -2*x + 3*o + 1 = f. What is g(x)?
13
Let u(m) be the third derivative of -m**4/24 + 2*m**3/3 + 10*m**2. Determine u(0).
4
Let h be 10/(-8)*(7 + -11). Let w(m) = m - 3. What is w(h)?
2
Let i(d) = -2*d**2 + 5*d - 2. Suppose 6*q - 12*q + 18 = 0. Calculate i(q).
-5
Let s(v) = 11*v**3 - 19*v**2 - 12*v + 9. Let x(d) = -5*d**3 + 9*d**2 + 6*d - 4. Let c(p) = -4*s(p) - 9*x(p). What is c(6)?
0
Let d = 70 + -67. Let x be (0 - -2)*(-5)/(-2). Let o(m) = -m - m - 2 + x. Calculate o(d).
-3
Let a(k) = k**3 + 4*k**2 + 4. Let q be -1*(-1 + -2 + 1). Let l be 0/(-3) + q + -10. Let m be (l/(-6))/(4/(-12)). Calculate a(m).
4
Let t(x) be the third derivative of 0*x + 0 - 1/120*x**6 - 2*x**2 + 1/24*x**4 + 1/3*x**3 - 1/20*x**5. Suppose 6 = 8*m - 10*m. What is t(m)?
-1
Let p(c) = 2*c**2 - 3*c - 222*c**3 + c**2 + 0*c**2 + 2 + 221*c**3. Let n = 0 + 0. Suppose -5*s = 3*i - i - 21, n = 4*s - 3*i - 3. Give p(s).
-7
Let y(v) be the first derivative of -v**3/3 - 12*v - 7. Calculate y(0).
-12
Let d(p) be the second derivative of p**5/20 - p**4/6 + p**3/3 - 3*p**2/2 - 2*p. Let j be (-10)/(-6) + (-2)/(-6). Determine d(j).
1
Let a(k) = 0 - 7*k + 1 + 4*k. Give a(-4).
13
Let o be 1 - 6/9*-6. Suppose 5*x = r - 1, 3 = -2*x - 2*r + o*r. Let q(z) = -z. What is q(x)?
0
Let v = 17 + -17. Suppose 0 = -v*m + 2*m - 6. Let l(n) = -n**3 + 4*n**2 - 3. Determine l(m).
6
Let z(d) = -3*d + 5. Let t(i) = 3*i - 5. Let l(s) = 7*t(s) + 6*z(s). Calculate l(4).
7
Let u(a) be the third derivative of -3*a**2 + 0 - 5/6*a**3 + 0*a - 1/8*a**4. Give u(-6).
13
Suppose -b - 4 + 0 = 0. Let l(u) be the second derivative of u**5/20 + 5*u**4/12 + u**3/2 - u**2 + u. Determine l(b).
2
Let i(d) be the first derivative of d**3/3 + d**2/2 + 4. Calculate i(0).
0
Suppose -3*d = -2*d. Suppose 16 = z + 5*h, d = -2*z - 3*z + 4*h - 36. Let w(r) = r**3 + 4*r**2 - r - 4. Give w(z).
0
Let w(m) = -m**2 - 3*m + 4. Let f(q) = -4*q + 5. Let k(j) = 3*f(j) - 4*w(j). Calculate k(1).
3
Let l(r) = -8*r - 32. Let h(x) = 3*x + 11. Let o(u) = -11*h(u) - 4*l(u). Calculate o(6).
1
Let g(t) be the first derivative of -t**2 - 5*t + 3. Let p(n) be the second derivative of -n**4/12 + 7*n**3/6 + 2*n**2 - 3*n. Let i be p(8). Determine g(i).
3
Let m(v) be the second derivative of 0*v**4 + 0 - 5*v + 1/20*v**5 - 1/2*v**2 - 1/3*v**3. Let f = -1 - 1. Give m(f).
-5
Let v(r) be the third derivative of -r**4/24 + r**3/3 - 7*r**2. Determine v(-6).
8
Let v(d) = -d**3 + 4*d**2 - 3*d + 2. Suppose 5*x + 3*s = 57, -30 + 6 = -4*x + 3*s. Suppose 3*f + 0*f - g - 9 = 0, 3*f = 4*g + x. What is v(f)?
2
Let o(z) = 4*z**3 + 4*z. Let s(j) = -j**3 + j**2. Let h(c) = o(c) + 5*s(c). Determine h(5).
20
Suppose 0 = c - 8*c - 28. Let d(u) = -u**2 - 4*u + 4. What is d(c)?
4
Let o = 8 - 4. Suppose 0 = -2*z + o*w + 8, -z + 0*w - 5*w - 10 = 0. Let y(m) = 4*m + m**2 + z*m - 2*m. Determine y(-3).
3
Let u = 25 - 20. Let b(l) be the second derivative of 1/3*l**3 + 1/3*l**4 - l**2 + 0 + l - 1/20*l**u. What is b(4)?
6
Let x(f) be the second derivative of f**4/12 + f**3 - 3*f**2/2 - 4*f. Let c(s) be the first derivative of x(s). Give c(-4).
-2
Let r(k) = k + 3. Let u be r(-3). Let y(v) be the second derivative of v**4/12 - v**3/6 - 5*v**2/2 - 3*v. Determine y(u).
-5
Let q(t) = -t**3 - 6*t**2 - 5*t + 2. Let y be (-9)/(-27) - (-32)/(-6). What is q(y)?
2
Let v(w) = w**2 + w - 5. Let j be v(-4). Suppose -2*t - 3*n - j = 0, -35 = 5*t + n - 11. Let a(b) = -b - 3. Determine a(t).
2
Let m(t) be the first derivative of 1/2*t**2 + 0*t + 2. Calculate m(-2).
-2
Suppose 8*l - 155 = 3*l. Let q = -20 + l. Let f(w) = 16*w - q*w + 0*w - 3. Give f(2).
7
Let k(r) = r + 2. Let y = 8 - 3. Suppose y*q - q = 2*d - 14, -5*q = 3*d + 34. Determine k(d).
-1
Let d(b) = -5*b**3 - 8*b**2 + 10*b**3 - 4*b**3 - 3 + 10. Give d(8).
7
Suppose 5*f - 2 = -2*t + t, -t + 2 = 3*f. Suppose -t*p - p + 3 = 0. Let b(l) = -l**2 + 2*l - 1. Calculate b(p).
0
Let j(t) = -10*t + 11*t + 7 + 0*t. Determine j(-6).
1
Let y(u) = u. Let i(b) = -3*b + 1 + 6*b + b + 2*b. Let w(n) = -i(n) + 4*y(n). What is w(1)?
-3
Suppose 5 = -3*z - 3*m + 2*m, -5*m = 5*z + 5. Let p(i) = 5*i - 3 + 0 + 5. Calculate p(z).
-8
Let z(a) = -14*a - 1. Let u be (3 - (-2 - -1)) + -3. Give z(u).
-15
Suppose 17 + 15 = 4*y. Let c(i) = -i**3 + 8*i**2 + 3*i - 10. What is c(y)?
14
Let d(v) = -3*v**2 + 10*v + 3. Let j(z) = z**2 - 5*z - 1. Let r(g) = 2*d(g) + 5*j(g). What is r(-6)?
-5
Let w(t) = -t**3 - t**2 + t. Suppose -6 = -7*y + 10*y. Give w(y).
2
Let b(m) = -m - 1. Let t(s) = s**3 + 4*s**2 - 5*s. Let i(p) = p**3 + p**2 + 5. Let j be i(0). Let n = j + -10. Let o be t(n). Calculate b(o).
-1
Suppose -3*f + 6 = i - 0*i, f - 2 = i. Suppose -z + 1 = -f*z. Let q(m) = -6*m. Determine q(z).
6
Suppose -3*y + 3 + 3 = 0. Suppose 3*k + r - 7 = -y*k, 3*k - 7 = -2*r. Let m(z) = -6*z**3 + z**2 - z + 1. Calculate m(k).
-5
Let p(j) = j**2 - 5*j - 3. Let d(z) = -z**3 - 5*z**2 - 7*z - 10. Let n be d(-4). Suppose n*o = o + 4. What is p(o)?
-7
Let y(m) = m**3 + m**2 - m. Let h(q) = -q**3 - 5*q**2 + 6*q. Let p(k) = -h(k) - 6*y(k). Suppose -2*x - v - 9 = 3*x, 5*x = -2*v - 13. Calculate p(x).
4
Let n(d) = d**2 - 6*d + 4. Let z(f) = -f**2 - f. Let p be z(-1). Suppose 3*k - 5 - 7 = p. Determine n(k).
-4
Let r be (-1 - 1)/2 - -3. Let v(c) = -3*c - r*c**2 - 3*c + 3*c - 2. What is v(-2)?
-4
Let x(h) = -h**3 - 11*h**2 - 11*h + 5. Let t be x(-10). Suppose -p + t = 2*p. Let d(z) = -2*z - 2. What is d(p)?
-12
Let a(k) be the second derivative of -k**4/12 + k**3/6 + 4*k. What is a(1)?
0
Let w(i) = -i**3 + 6*i**2 - 4*i - 4. Let k = 11 + -18. Let z(r) = r**3 + 7*r**2 + r + 2. Let v be z(k). Let f = 0 - v. Determine w(f).
1
Let f(z) = -5 - 5 + z**2 + 1 + 5 + 2*z. Determine f(-3).
-1
Let v(q) = q. Let z be v(-1). Let m(k) = k + 1. Let l(d) = -d**2 - 2*d + 1. Let o(s) = z*l(s) - 2*m(s). What is o(-3)?
6
Let d(r) = -2*r**2 + 7 + 3*r - 4 - r. Calculate d(3).
-9
Let t(m) = -3*m + 1. Let l(q) = -2*q. Let j(r) = 4*l(r) - 3*t(r). Let s(k) = 7 - 5 + 0. Let x(b) = -2*j(b) - 3*s(b). Give x(3).
-6
Let a(y) be the third derivative of -y**8/20160 - y**7/2520 + y**6/720 - y**5/20 - 3*y**2. Let l(k) be the third derivative of a(k). What is l(-2)?
1
Let y(j) be the second derivative of -j - 1/6*j**3 + 0 - 2*j**2. Determine y(-3).
-1
Let m(z) = 3*z**2 - 11 - 6*z + 8 - 4*z**2. Determine m(-4).
5
Let n(i) = i - 4. Let a be n(5). Let z(w) = 3*w**2 - 2*w + 1. Let o be z(a). Let u(y) = 5*y - 8. Let r(t) = -4*t + 6. Let p(l) = 4*r(l) + 3*u(l). Give p(o).
-2
Suppose 0 = -3*r - 2*s + 8, -3*r = -2*s - 29 + 13. Let t(q) = -1 - q - q - r*q. Determine t(1).
-7
Let x be 5/35 + (-8)/7. Let r be x/(3/(8 - 2)). Let l(c) = -3*c**2 - 3*c - 1. Calculate l(r).
-7
Let z(d) = d + 5. Suppose 0 = v - 6*v + 5*j, -5*v = 2*j. Determine z(v).
5
Suppose 2*l - 3*l = 2*w + 9, -3*l - 5*w - 25 = 0. Let j(g) = 2*g - 1. Calculate j(l).
-11
Suppose 0 = -2*x - 6 - 0. Let a be (-2)/x - 4/(-3). Let k(z) = 0*z + 7*z + 2*z**2 - 3 - 3*z - z**a. Calculate k(2).
9
Let n(s) = -s + 7. Let c be n(3). Let x(g) = 2 + 2*g - 2. Determine x(c).
8
Let b(z) = -z**3 - 3*z**2 - z + 3. Let w be (18/15)/(22/(-55)). Determine b(w).
6
Let t(b) = 2*b**3 - b + 4 - 3*b**3 - 1 - 2 - 5*b**2. Let l be t(-5). Let c(a) = a**3 - 7*a**2 + 4*a + 8. Calculate c(l).
-4
Let h(j) = 0*j - 2*j + 3 - 2. Let y = -104 + 102. Determine h(y).
5
Let g(y) = -3*y**2 - y + 1. Let w(x) be the first derivative of x**2/2 - x - 2. Let m be w(6). Suppose 0 = -c + 6*c - m. What is g(c)?
-3
Let a(g) = g**2 - g + 1. Let r(l) = l**3 + 8*l**2 - 11*l - 3. Let q(k) = -4*a(k) + r(k). Let z be q(-5). Let o(t) = -2*t**2 - 1 + 4*t - 3*t + 2*t. Give o(z).
-10
Suppose -5*o - 3*b + 31 = 0, 0 = -o - 0*o - 3*b + 11. Let f = o + -1. Let c(a) = -a**2 + 2*a + 1. Calculate c(f).
-7
Let c(